CRAN Package Check Results for Package observer

Last updated on 2022-07-02 02:53:09 CEST.

Flavor Version Tinstall Tcheck Ttotal Status Flags
r-devel-linux-x86_64-debian-clang 0.1.2 4.68 57.26 61.94 NOTE
r-devel-linux-x86_64-debian-gcc 0.1.2 4.35 43.05 47.40 NOTE
r-devel-linux-x86_64-fedora-clang 0.1.2 85.27 NOTE
r-devel-linux-x86_64-fedora-gcc 0.1.2 83.54 NOTE
r-devel-windows-x86_64 0.1.2 18.00 81.00 99.00 NOTE
r-patched-linux-x86_64 0.1.2 4.29 53.60 57.89 NOTE
r-release-linux-x86_64 0.1.2 5.38 53.83 59.21 NOTE
r-release-macos-arm64 0.1.2 27.00 NOTE
r-release-macos-x86_64 0.1.2 49.00 NOTE
r-release-windows-x86_64 0.1.2 9.00 81.00 90.00 NOTE
r-oldrel-macos-arm64 0.1.2 31.00 NOTE
r-oldrel-macos-x86_64 0.1.2 44.00 NOTE
r-oldrel-windows-ix86+x86_64 0.1.2 15.00 72.00 87.00 NOTE

Check Details

Version: 0.1.2
Check: LazyData
Result: NOTE
     'LazyData' is specified without a 'data' directory
Flavors: r-devel-linux-x86_64-debian-clang, r-devel-linux-x86_64-debian-gcc, r-devel-linux-x86_64-fedora-clang, r-devel-linux-x86_64-fedora-gcc, r-devel-windows-x86_64, r-patched-linux-x86_64, r-release-linux-x86_64, r-release-macos-arm64, r-release-macos-x86_64, r-release-windows-x86_64, r-oldrel-macos-arm64, r-oldrel-macos-x86_64, r-oldrel-windows-ix86+x86_64

Version: 0.1.2
Check: Rd cross-references
Result: NOTE
    Undeclared packages ‘ensurer’, ‘validate’ in Rd xrefs
Flavor: r-devel-linux-x86_64-fedora-clang