CRAN Package Check Results for Package openxlsx

Last updated on 2022-01-22 02:51:23 CET.

Flavor Version Tinstall Tcheck Ttotal Status Flags
r-devel-linux-x86_64-debian-clang 4.2.5 123.50 143.74 267.24 OK
r-devel-linux-x86_64-debian-gcc 4.2.5 97.98 109.44 207.42 OK
r-devel-linux-x86_64-fedora-clang 4.2.5 369.44 NOTE
r-devel-linux-x86_64-fedora-gcc 4.2.5 334.77 OK
r-devel-windows-x86_64-new-UL 4.2.5 309.00 296.00 605.00 OK
r-devel-windows-x86_64-new-TK 4.2.5 OK
r-patched-linux-x86_64 4.2.5 109.14 141.11 250.25 OK
r-release-linux-x86_64 4.2.5 118.50 140.56 259.06 OK
r-release-macos-arm64 4.2.5 NOTE
r-release-macos-x86_64 4.2.5 NOTE
r-release-windows-ix86+x86_64 4.2.5 255.00 271.00 526.00 OK
r-oldrel-macos-x86_64 4.2.5 NOTE
r-oldrel-windows-ix86+x86_64 4.2.5 260.00 274.00 534.00 OK

Check Details

Version: 4.2.5
Check: installed package size
Result: NOTE
     installed size is 7.2Mb
     sub-directories of 1Mb or more:
     extdata 1.1Mb
     libs 4.9Mb
Flavors: r-devel-linux-x86_64-fedora-clang, r-release-macos-arm64, r-release-macos-x86_64, r-oldrel-macos-x86_64