CRAN Package Check Results for Package optiSolve

Last updated on 2020-11-25 02:49:10 CET.

Flavor Version Tinstall Tcheck Ttotal Status Flags
r-devel-linux-x86_64-debian-clang 0.1.2 11.03 99.19 110.22 OK
r-devel-linux-x86_64-debian-gcc 0.1.2 8.91 82.46 91.37 OK
r-devel-linux-x86_64-fedora-clang 0.1.2 137.56 NOTE
r-devel-linux-x86_64-fedora-gcc 0.1.2 128.98 NOTE
r-devel-windows-ix86+x86_64 0.1.2 20.00 119.00 139.00 OK
r-patched-linux-x86_64 0.1.2 10.95 94.99 105.94 OK
r-patched-solaris-x86 0.1.2 211.60 NOTE
r-release-linux-x86_64 0.1.2 11.45 96.97 108.42 OK
r-release-macos-x86_64 0.1.2 NOTE
r-release-windows-ix86+x86_64 0.1.2 25.00 108.00 133.00 OK
r-oldrel-macos-x86_64 0.1.2 WARN
r-oldrel-windows-ix86+x86_64 0.1.2 12.00 111.00 123.00 OK

Check Details

Version: 0.1.2
Check: dependencies in R code
Result: NOTE
    Namespace in Imports field not imported from: ‘Matrix’
     All declared Imports should be used.
Flavors: r-devel-linux-x86_64-fedora-clang, r-devel-linux-x86_64-fedora-gcc, r-patched-solaris-x86, r-release-macos-x86_64, r-oldrel-macos-x86_64

Version: 0.1.2
Check: whether package can be installed
Result: WARN
    Found the following significant warnings:
     Warning: 'rgl.init' failed, running with 'rgl.useNULL = TRUE'.
Flavor: r-oldrel-macos-x86_64