CRAN Package Check Results for Package orloca

Last updated on 2022-07-02 02:53:09 CEST.

Flavor Version Tinstall Tcheck Ttotal Status Flags
r-devel-linux-x86_64-debian-clang 4.10 5.63 43.53 49.16 OK
r-devel-linux-x86_64-debian-gcc 4.10 4.00 32.39 36.39 OK
r-devel-linux-x86_64-fedora-clang 4.10 67.81 NOTE
r-devel-linux-x86_64-fedora-gcc 4.10 66.60 NOTE
r-devel-windows-x86_64 4.10 31.00 72.00 103.00 OK
r-patched-linux-x86_64 4.10 5.27 41.53 46.80 OK
r-release-linux-x86_64 4.10 3.63 41.26 44.89 OK
r-release-macos-arm64 4.10 25.00 NOTE
r-release-macos-x86_64 4.10 33.00 NOTE
r-release-windows-x86_64 4.10 26.00 80.00 106.00 OK
r-oldrel-macos-arm64 4.10 33.00 NOTE
r-oldrel-macos-x86_64 4.10 47.00 NOTE
r-oldrel-windows-ix86+x86_64 4.10 10.00 61.00 71.00 OK

Check Details

Version: 4.10
Check: dependencies in R code
Result: NOTE
    Namespaces in Imports field not imported from:
     ‘knitr’ ‘rmarkdown’
     All declared Imports should be used.
Flavors: r-devel-linux-x86_64-fedora-clang, r-devel-linux-x86_64-fedora-gcc, r-release-macos-arm64, r-release-macos-x86_64, r-oldrel-macos-arm64, r-oldrel-macos-x86_64

Version: 4.10
Check: Rd cross-references
Result: NOTE
    Undeclared package ‘orloca.es’ in Rd xrefs
Flavor: r-devel-linux-x86_64-fedora-clang