Last updated on 2023-03-30 02:50:49 CEST.
Flavor | Version | Tinstall | Tcheck | Ttotal | Status | Flags |
---|---|---|---|---|---|---|
r-devel-linux-x86_64-debian-clang | 1.8.1-1 | 106.03 | 46.11 | 152.14 | NOTE | |
r-devel-linux-x86_64-debian-gcc | 1.8.1-1 | 79.89 | 34.25 | 114.14 | NOTE | |
r-devel-linux-x86_64-fedora-clang | 1.8.1-1 | 226.31 | NOTE | |||
r-devel-linux-x86_64-fedora-gcc | 1.8.1-1 | 207.16 | NOTE | |||
r-devel-windows-x86_64 | 1.8.1-1 | 116.00 | 0.00 | 116.00 | NOTE | |
r-patched-linux-x86_64 | 1.8.1-1 | 83.07 | 43.14 | 126.21 | NOTE | |
r-release-linux-x86_64 | 1.8.1-1 | 84.60 | 44.23 | 128.83 | OK | |
r-release-macos-arm64 | 1.8.1-1 | 53.00 | NOTE | |||
r-release-macos-x86_64 | 1.8.1-1 | 70.00 | NOTE | |||
r-release-windows-x86_64 | 1.8.1-1 | 104.00 | 106.00 | 210.00 | OK | |
r-oldrel-macos-arm64 | 1.8.1-1 | 56.00 | NOTE | |||
r-oldrel-macos-x86_64 | 1.8.1-1 | 72.00 | NOTE | |||
r-oldrel-windows-ix86+x86_64 | 1.8.1-1 | 219.00 | 101.00 | 320.00 | OK |
Version: 1.8.1-1
Check: C++ specification
Result: NOTE
Specified C++11: please drop specification unless essential
Flavors: r-devel-linux-x86_64-debian-clang, r-devel-linux-x86_64-debian-gcc, r-devel-linux-x86_64-fedora-clang, r-devel-linux-x86_64-fedora-gcc, r-devel-windows-x86_64, r-patched-linux-x86_64
Version: 1.8.1-1
Check: installed package size
Result: NOTE
installed size is 6.9Mb
sub-directories of 1Mb or more:
doc 1.1Mb
libs 5.5Mb
Flavors: r-release-macos-arm64, r-release-macos-x86_64, r-oldrel-macos-arm64, r-oldrel-macos-x86_64