Last updated on 2023-03-29 02:55:33 CEST.
Flavor | Version | Tinstall | Tcheck | Ttotal | Status | Flags |
---|---|---|---|---|---|---|
r-devel-linux-x86_64-debian-clang | 0.4.0 | 6.08 | 43.23 | 49.31 | OK | |
r-devel-linux-x86_64-debian-gcc | 0.4.0 | 6.38 | 33.48 | 39.86 | OK | |
r-devel-linux-x86_64-fedora-clang | 0.4.0 | 65.27 | OK | |||
r-devel-linux-x86_64-fedora-gcc | 0.4.0 | 65.99 | OK | |||
r-devel-windows-x86_64 | 0.4.0 | 372.00 | 0.00 | 372.00 | NOTE | |
r-patched-linux-x86_64 | 0.4.0 | 9.50 | 41.35 | 50.85 | OK | |
r-release-linux-x86_64 | 0.4.0 | 5.75 | 40.51 | 46.26 | OK | |
r-release-macos-arm64 | 0.4.0 | 27.00 | OK | |||
r-release-macos-x86_64 | 0.4.0 | 29.00 | OK | |||
r-release-windows-x86_64 | 0.4.0 | 596.00 | 103.00 | 699.00 | NOTE | |
r-oldrel-macos-arm64 | 0.4.0 | 31.00 | OK | |||
r-oldrel-macos-x86_64 | 0.4.0 | 34.00 | OK | |||
r-oldrel-windows-ix86+x86_64 | 0.4.0 | 222.00 | 68.00 | 290.00 | NOTE |
Version: 0.4.0
Check: installed package size
Result: NOTE
installed size is 20.2Mb
sub-directories of 1Mb or more:
library 19.6Mb
Flavors: r-devel-windows-x86_64, r-release-windows-x86_64, r-oldrel-windows-ix86+x86_64
Version: 0.4.0
Check: dependencies in R code
Result: NOTE
Initiating curl with CURL_SSL_BACKEND: openssl
Flavor: r-oldrel-windows-ix86+x86_64