CRAN Package Check Results for Package paleobioDB

Last updated on 2021-04-16 02:47:31 CEST.

Flavor Version Tinstall Tcheck Ttotal Status Flags
r-devel-linux-x86_64-debian-clang 0.7.0 9.81 86.79 96.60 NOTE
r-devel-linux-x86_64-debian-gcc 0.7.0 8.57 66.83 75.40 NOTE
r-devel-linux-x86_64-fedora-clang 0.7.0 126.85 NOTE
r-devel-linux-x86_64-fedora-gcc 0.7.0 120.97 NOTE
r-devel-windows-ix86+x86_64 0.7.0 24.00 84.00 108.00 NOTE
r-devel-windows-x86_64-gcc10-UCRT 0.7.0 NOTE
r-patched-linux-x86_64 0.7.0 10.26 81.38 91.64 OK
r-patched-solaris-x86 0.7.0 167.90 OK
r-release-linux-x86_64 0.7.0 9.57 81.29 90.86 OK
r-release-macos-x86_64 0.7.0 OK
r-release-windows-ix86+x86_64 0.7.0 20.00 106.00 126.00 OK
r-oldrel-macos-x86_64 0.7.0 OK
r-oldrel-windows-ix86+x86_64 0.7.0 19.00 76.00 95.00 OK

Check Details

Version: 0.7.0
Check: LazyData
Result: NOTE
     'LazyData' is specified without a 'data' directory
Flavors: r-devel-linux-x86_64-debian-clang, r-devel-linux-x86_64-debian-gcc, r-devel-linux-x86_64-fedora-clang, r-devel-linux-x86_64-fedora-gcc, r-devel-windows-ix86+x86_64, r-devel-windows-x86_64-gcc10-UCRT