CRAN Package Check Results for Package palmid

Last updated on 2022-09-29 02:49:47 CEST.

Flavor Version Tinstall Tcheck Ttotal Status Flags
r-devel-linux-x86_64-debian-clang 0.0.3 10.37 88.06 98.43 OK
r-devel-linux-x86_64-debian-gcc 0.0.3 8.08 64.71 72.79 OK
r-devel-linux-x86_64-fedora-clang 0.0.3 125.61 NOTE
r-devel-linux-x86_64-fedora-gcc 0.0.3 124.60 NOTE
r-devel-windows-x86_64 0.0.3 26.00 122.00 148.00 OK
r-patched-linux-x86_64 0.0.3 7.99 81.26 89.25 OK
r-release-linux-x86_64 0.0.3 6.46 80.76 87.22 OK
r-release-macos-arm64 0.0.3 46.00 NOTE
r-release-macos-x86_64 0.0.3 72.00 NOTE
r-release-windows-x86_64 0.0.3 29.00 121.00 150.00 OK
r-oldrel-macos-arm64 0.0.3 46.00 NOTE
r-oldrel-macos-x86_64 0.0.3 58.00 NOTE
r-oldrel-windows-ix86+x86_64 0.0.3 23.00 118.00 141.00 OK

Check Details

Version: 0.0.3
Check: dependencies in R code
Result: NOTE
    Namespaces in Imports field not imported from:
     ‘DT’ ‘dbplyr’ ‘downloadthis’ ‘ggExtra’ ‘htmlwidgets’ ‘methods’
     ‘rmarkdown’ ‘scales’
     All declared Imports should be used.
Flavors: r-devel-linux-x86_64-fedora-clang, r-devel-linux-x86_64-fedora-gcc, r-release-macos-arm64, r-release-macos-x86_64, r-oldrel-macos-arm64, r-oldrel-macos-x86_64