Last updated on 2021-03-02 02:47:16 CET.
Flavor | Version | Tinstall | Tcheck | Ttotal | Status | Flags |
---|---|---|---|---|---|---|
r-devel-linux-x86_64-debian-clang | 1.5.0 | OK | ||||
r-devel-linux-x86_64-debian-gcc | 1.5.0 | 2.58 | 43.54 | 46.12 | OK | |
r-devel-linux-x86_64-fedora-clang | 1.5.0 | 77.50 | OK | |||
r-devel-linux-x86_64-fedora-gcc | 1.5.0 | 67.17 | OK | |||
r-devel-windows-ix86+x86_64 | 1.5.0 | 6.00 | 59.00 | 65.00 | OK | |
r-patched-linux-x86_64 | 1.5.0 | 2.90 | 53.17 | 56.07 | OK | |
r-patched-solaris-x86 | 1.5.0 | 125.30 | OK | |||
r-release-linux-x86_64 | 1.5.0 | 3.09 | 52.73 | 55.82 | OK | |
r-release-macos-x86_64 | 1.5.0 | NOTE | ||||
r-release-windows-ix86+x86_64 | 1.5.0 | 6.00 | 78.00 | 84.00 | OK | |
r-oldrel-macos-x86_64 | 1.5.0 | NOTE | ||||
r-oldrel-windows-ix86+x86_64 | 1.5.0 | 4.00 | 94.00 | 98.00 | OK |
Version: 1.5.0
Check: package dependencies
Result: NOTE
Package suggested but not available for checking: ‘Rmpi’
Flavors: r-release-macos-x86_64, r-oldrel-macos-x86_64