CRAN Package Check Results for Package parsnip

Last updated on 2022-07-05 03:53:38 CEST.

Flavor Version Tinstall Tcheck Ttotal Status Flags
r-devel-linux-x86_64-debian-clang 1.0.0 31.22 318.73 349.95 OK
r-devel-linux-x86_64-debian-gcc 1.0.0 26.65 232.47 259.12 OK
r-devel-linux-x86_64-fedora-clang 1.0.0 400.27 NOTE
r-devel-linux-x86_64-fedora-gcc 1.0.0 410.33 OK
r-devel-windows-x86_64 1.0.0 186.00 337.00 523.00 OK
r-patched-linux-x86_64 1.0.0 43.48 288.62 332.10 OK
r-release-linux-x86_64 1.0.0 26.70 289.75 316.45 OK
r-release-macos-arm64 1.0.0 104.00 NOTE
r-release-macos-x86_64 1.0.0 148.00 NOTE
r-release-windows-x86_64 1.0.0 130.00 426.00 556.00 OK
r-oldrel-macos-arm64 1.0.0 95.00 NOTE
r-oldrel-macos-x86_64 1.0.0 151.00 NOTE
r-oldrel-windows-ix86+x86_64 1.0.0 57.00 242.00 299.00 ERROR

Check Details

Version: 1.0.0
Check: Rd cross-references
Result: NOTE
    Undeclared packages ‘partykit’, ‘Cubist’, ‘rules’, ‘baguette’, ‘ipred’, ‘dbarts’, ‘h2o’, ‘agua’, ‘lightgbm’, ‘bonsai’, ‘mboost’, ‘mda’, ‘sda’, ‘sparsediscrim’, ‘klaR’, ‘brulee’, ‘glmnet’, ‘rstan’, ‘rstanarm’, ‘naivebayes’, ‘plsmod’, ‘mixOmics’, ‘pscl’, ‘workflows’, ‘randomForest’, ‘xrf’, ‘flexsurv’, ‘broom’ in Rd xrefs
Flavor: r-devel-linux-x86_64-fedora-clang

Version: 1.0.0
Check: Rd cross-references
Result: NOTE
    Package unavailable to check Rd xrefs: ‘dbarts’
    Unknown package ‘bonsai’ in Rd xrefs
Flavor: r-release-macos-arm64

Version: 1.0.0
Check: Rd cross-references
Result: NOTE
    Unknown package ‘bonsai’ in Rd xrefs
Flavors: r-release-macos-x86_64, r-oldrel-macos-arm64, r-oldrel-macos-x86_64

Version: 1.0.0
Check: tests
Result: ERROR
     Running 'testthat.R' [32s]
    Running the tests in 'tests/testthat.R' failed.
    Complete output:
     > library(testthat)
     > library(parsnip)
     >
     > test_check("parsnip")
    
     This application has requested the Runtime to terminate it in an unusual way.
     Please contact the application's support team for more information.
Flavor: r-oldrel-windows-ix86+x86_64