Last updated on 2023-06-06 02:55:48 CEST.
Flavor | Version | Tinstall | Tcheck | Ttotal | Status | Flags |
---|---|---|---|---|---|---|
r-devel-linux-x86_64-debian-clang | 2.2-16 | 26.32 | 112.37 | 138.69 | NOTE | |
r-devel-linux-x86_64-debian-gcc | 2.2-16 | 19.76 | 84.21 | 103.97 | NOTE | |
r-devel-linux-x86_64-fedora-clang | 2.2-16 | 184.61 | NOTE | |||
r-devel-linux-x86_64-fedora-gcc | 2.2-16 | 169.89 | NOTE | |||
r-devel-windows-x86_64 | 2.2-16 | 30.00 | 104.00 | 134.00 | NOTE | |
r-patched-linux-x86_64 | 2.2-16 | 23.86 | 108.78 | 132.64 | NOTE | |
r-release-linux-x86_64 | 2.2-16 | 21.07 | 107.92 | 128.99 | NOTE | |
r-release-macos-arm64 | 2.2-16 | 56.00 | NOTE | |||
r-release-macos-x86_64 | 2.2-16 | 91.00 | NOTE | |||
r-release-windows-x86_64 | 2.2-16 | 35.00 | 122.00 | 157.00 | NOTE | |
r-oldrel-macos-arm64 | 2.2-16 | 102.00 | OK | |||
r-oldrel-macos-x86_64 | 2.2-16 | 138.00 | OK | |||
r-oldrel-windows-x86_64 | 2.2-16 | 31.00 | 117.00 | 148.00 | OK |
Version: 2.2-16
Check: Rd \usage sections
Result: NOTE
S3 methods shown with full name in documentation object ‘ped’:
‘ped.markerNames’
The \usage entries for S3 methods should use the \method markup and not
their full name.
See chapter ‘Writing R documentation files’ in the ‘Writing R
Extensions’ manual.
Flavors: r-devel-linux-x86_64-debian-clang, r-devel-linux-x86_64-debian-gcc, r-devel-linux-x86_64-fedora-clang, r-devel-linux-x86_64-fedora-gcc, r-devel-windows-x86_64, r-patched-linux-x86_64, r-release-linux-x86_64, r-release-macos-arm64, r-release-macos-x86_64, r-release-windows-x86_64
Version: 2.2-16
Check: package dependencies
Result: NOTE
Package suggested but not available for checking: ‘kinship2’
Flavor: r-release-macos-x86_64