CRAN Package Check Results for Package penalizedSVM

Last updated on 2021-03-08 02:46:49 CET.

Flavor Version Tinstall Tcheck Ttotal Status Flags
r-devel-linux-x86_64-debian-clang 1.1.2 6.99 43.38 50.37 OK
r-devel-linux-x86_64-debian-gcc 1.1.2 5.03 32.75 37.78 OK
r-devel-linux-x86_64-fedora-clang 1.1.2 68.34 NOTE
r-devel-linux-x86_64-fedora-gcc 1.1.2 58.19 NOTE
r-devel-windows-ix86+x86_64 1.1.2 12.00 45.00 57.00 OK
r-devel-windows-x86_64-gcc10-UCRT 1.1.2 NOTE
r-patched-linux-x86_64 1.1.2 7.09 40.35 47.44 OK
r-patched-solaris-x86 1.1.2 77.00 NOTE
r-release-linux-x86_64 1.1.2 6.89 41.03 47.92 OK
r-release-macos-x86_64 1.1.2 NOTE
r-release-windows-ix86+x86_64 1.1.2 10.00 51.00 61.00 OK
r-oldrel-macos-x86_64 1.1.2 NOTE
r-oldrel-windows-ix86+x86_64 1.1.2 6.00 41.00 47.00 OK

Check Details

Version: 1.1.2
Check: dependencies in R code
Result: NOTE
    Namespace in Imports field not imported from: ‘lhs’
     All declared Imports should be used.
Flavors: r-devel-linux-x86_64-fedora-clang, r-devel-linux-x86_64-fedora-gcc, r-devel-windows-x86_64-gcc10-UCRT, r-patched-solaris-x86, r-release-macos-x86_64, r-oldrel-macos-x86_64