CRAN Package Check Results for Package pglm

Last updated on 2022-10-02 02:49:17 CEST.

Flavor Version Tinstall Tcheck Ttotal Status Flags
r-devel-linux-x86_64-debian-clang 0.2-3 8.04 98.15 106.19 NOTE
r-devel-linux-x86_64-debian-gcc 0.2-3 6.54 72.04 78.58 NOTE
r-devel-linux-x86_64-fedora-clang 0.2-3 137.71 NOTE
r-devel-linux-x86_64-fedora-gcc 0.2-3 129.08 NOTE
r-devel-windows-x86_64 0.2-3 14.00 114.00 128.00 NOTE
r-patched-linux-x86_64 0.2-3 8.46 91.31 99.77 OK
r-release-linux-x86_64 0.2-3 7.49 89.73 97.22 OK
r-release-macos-arm64 0.2-3 37.00 OK
r-release-macos-x86_64 0.2-3 52.00 OK
r-release-windows-x86_64 0.2-3 14.00 116.00 130.00 OK
r-oldrel-macos-arm64 0.2-3 29.00 OK
r-oldrel-macos-x86_64 0.2-3 34.00 OK
r-oldrel-windows-ix86+x86_64 0.2-3 22.00 118.00 140.00 OK

Check Details

Version: 0.2-3
Check: Rd files
Result: NOTE
    checkRd: (-1) PatentsRD.Rd:4: Escaped LaTeX specials: \&
    checkRd: (-1) PatentsRD.Rd:30: Escaped LaTeX specials: \&
    checkRd: (-1) PatentsRDUS.Rd:4: Escaped LaTeX specials: \&
Flavors: r-devel-linux-x86_64-debian-clang, r-devel-linux-x86_64-debian-gcc, r-devel-linux-x86_64-fedora-clang, r-devel-linux-x86_64-fedora-gcc, r-devel-windows-x86_64