CRAN Package Check Results for Package phylocomr

Last updated on 2022-07-01 02:54:24 CEST.

Flavor Version Tinstall Tcheck Ttotal Status Flags
r-devel-linux-x86_64-debian-clang 0.3.2 13.79 33.90 47.69 NOTE
r-devel-linux-x86_64-debian-gcc 0.3.2 12.56 26.64 39.20 NOTE
r-devel-linux-x86_64-fedora-clang 0.3.2 68.49 NOTE
r-devel-linux-x86_64-fedora-gcc 0.3.2 70.59 NOTE
r-devel-windows-x86_64 0.3.2 47.00 74.00 121.00 NOTE
r-patched-linux-x86_64 0.3.2 12.24 32.53 44.77 NOTE
r-release-linux-x86_64 0.3.2 13.39 33.19 46.58 NOTE
r-release-macos-arm64 0.3.2 24.00 NOTE
r-release-macos-x86_64 0.3.2 33.00 NOTE
r-release-windows-x86_64 0.3.2 47.00 71.00 118.00 NOTE
r-oldrel-macos-arm64 0.3.2 32.00 NOTE
r-oldrel-macos-x86_64 0.3.2 32.00 NOTE
r-oldrel-windows-ix86+x86_64 0.3.2 38.00 67.00 105.00 NOTE

Check Details

Version: 0.3.2
Check: LazyData
Result: NOTE
     'LazyData' is specified without a 'data' directory
Flavors: r-devel-linux-x86_64-debian-clang, r-devel-linux-x86_64-debian-gcc, r-devel-linux-x86_64-fedora-clang, r-devel-linux-x86_64-fedora-gcc, r-devel-windows-x86_64, r-patched-linux-x86_64, r-release-linux-x86_64, r-release-macos-arm64, r-release-macos-x86_64, r-release-windows-x86_64, r-oldrel-macos-arm64, r-oldrel-macos-x86_64, r-oldrel-windows-ix86+x86_64