CRAN Package Check Results for Package phyloregion

Last updated on 2022-10-05 05:57:10 CEST.

Flavor Version Tinstall Tcheck Ttotal Status Flags
r-devel-linux-x86_64-debian-clang 1.0.6 44.53 485.04 529.57 OK
r-devel-linux-x86_64-debian-gcc 1.0.6 33.55 353.08 386.63 OK
r-devel-linux-x86_64-fedora-clang 1.0.6 627.21 NOTE
r-devel-linux-x86_64-fedora-gcc 1.0.6 648.36 NOTE
r-devel-windows-x86_64 1.0.6 82.00 478.00 560.00 OK
r-patched-linux-x86_64 1.0.6 45.55 451.26 496.81 OK
r-release-linux-x86_64 1.0.6 39.79 456.65 496.44 OK
r-release-macos-arm64 1.0.6 128.00 NOTE
r-release-macos-x86_64 1.0.6 197.00 NOTE
r-release-windows-x86_64 1.0.6 132.00 464.00 596.00 OK
r-oldrel-macos-arm64 1.0.6 105.00 NOTE
r-oldrel-macos-x86_64 1.0.6 213.00 NOTE
r-oldrel-windows-ix86+x86_64 1.0.6 90.00 465.00 555.00 OK

Check Details

Version: 1.0.6
Check: dependencies in R code
Result: NOTE
    Namespace in Imports field not imported from: ‘rgdal’
     All declared Imports should be used.
Flavors: r-devel-linux-x86_64-fedora-clang, r-devel-linux-x86_64-fedora-gcc, r-release-macos-arm64, r-release-macos-x86_64, r-oldrel-macos-arm64, r-oldrel-macos-x86_64

Version: 1.0.6
Check: Rd cross-references
Result: NOTE
    Undeclared package ‘picante’ in Rd xrefs
Flavor: r-devel-linux-x86_64-fedora-clang