CRAN Package Check Results for Package picante

Last updated on 2022-12-08 02:51:08 CET.

Flavor Version Tinstall Tcheck Ttotal Status Flags
r-devel-linux-x86_64-debian-clang 1.8.2 16.57 114.49 131.06 NOTE
r-devel-linux-x86_64-debian-gcc 1.8.2 11.79 87.79 99.58 NOTE
r-devel-linux-x86_64-fedora-clang 1.8.2 169.71 NOTE
r-devel-linux-x86_64-fedora-gcc 1.8.2 181.56 NOTE
r-devel-windows-x86_64 1.8.2 42.00 166.00 208.00 NOTE
r-patched-linux-x86_64 1.8.2 14.83 111.32 126.15 OK
r-release-linux-x86_64 1.8.2 12.02 111.72 123.74 OK
r-release-macos-arm64 1.8.2 53.00 OK
r-release-macos-x86_64 1.8.2 67.00 OK
r-release-windows-x86_64 1.8.2 39.00 165.00 204.00 OK
r-oldrel-macos-arm64 1.8.2 52.00 OK
r-oldrel-macos-x86_64 1.8.2 95.00 OK
r-oldrel-windows-ix86+x86_64 1.8.2 32.00 181.00 213.00 OK

Check Details

Version: 1.8.2
Check: Rd files
Result: NOTE
    checkRd: (-1) Kcalc.Rd:13: Escaped LaTeX specials: \$
    checkRd: (-1) phylosignal.Rd:13: Escaped LaTeX specials: \$
    checkRd: (-1) traitgram.Rd:14: Escaped LaTeX specials: \$
    checkRd: (-1) utility.Rd:37: Escaped LaTeX specials: \$ \$
Flavors: r-devel-linux-x86_64-debian-clang, r-devel-linux-x86_64-debian-gcc, r-devel-linux-x86_64-fedora-clang, r-devel-linux-x86_64-fedora-gcc, r-devel-windows-x86_64