Last updated on 2022-08-08 03:55:50 CEST.
Flavor | Version | Tinstall | Tcheck | Ttotal | Status | Flags |
---|---|---|---|---|---|---|
r-devel-linux-x86_64-debian-clang | 0.2.0 | 14.99 | 135.37 | 150.36 | NOTE | |
r-devel-linux-x86_64-debian-gcc | 0.2.0 | 13.27 | 99.69 | 112.96 | NOTE | |
r-devel-linux-x86_64-fedora-clang | 0.2.0 | 185.00 | OK | |||
r-devel-linux-x86_64-fedora-gcc | 0.2.0 | 179.50 | OK | |||
r-devel-windows-x86_64 | 0.2.0 | 17.00 | 142.00 | 159.00 | OK | |
r-patched-linux-x86_64 | 0.2.0 | 13.91 | 126.14 | 140.05 | OK | |
r-release-linux-x86_64 | 0.2.0 | OK | ||||
r-release-macos-arm64 | 0.2.0 | 45.00 | OK | |||
r-release-macos-x86_64 | 0.2.0 | 85.00 | OK | |||
r-release-windows-x86_64 | 0.2.0 | 20.00 | 150.00 | 170.00 | OK | |
r-oldrel-macos-arm64 | 0.2.0 | 40.00 | OK | |||
r-oldrel-macos-x86_64 | 0.2.0 | 61.00 | OK | |||
r-oldrel-windows-ix86+x86_64 | 0.2.0 | 34.00 | 141.00 | 175.00 | OK |
Version: 0.2.0
Check: HTML version of manual
Result: NOTE
Found the following HTML validation problems:
plsmod-package.html:37:98: Warning: inserting implicit <p>
plsmod-package.html:50:99: Warning: inserting implicit <p>
plsmod-package.html:55:71: Warning: inserting implicit <p>
plsmod-package.html:62:47: Warning: inserting implicit <p>
plsmod-package.html:37:98: Warning: trimming empty <p>
plsmod-package.html:50:99: Warning: trimming empty <p>
plsmod-package.html:55:71: Warning: trimming empty <p>
plsmod-package.html:62:47: Warning: trimming empty <p>
Flavors: r-devel-linux-x86_64-debian-clang, r-devel-linux-x86_64-debian-gcc