CRAN Package Check Results for Package pmd

Last updated on 2023-03-30 02:50:50 CEST.

Flavor Version Tinstall Tcheck Ttotal Status Flags
r-devel-linux-x86_64-debian-clang 0.2.1 6.89 158.09 164.98 OK
r-devel-linux-x86_64-debian-gcc 0.2.1 6.18 118.51 124.69 OK
r-devel-linux-x86_64-fedora-clang 0.2.1 214.21 NOTE
r-devel-linux-x86_64-fedora-gcc 0.2.1 210.18 NOTE
r-devel-windows-x86_64 0.2.1 30.00 0.00 30.00 OK
r-patched-linux-x86_64 0.2.1 7.21 156.54 163.75 OK
r-release-linux-x86_64 0.2.1 5.61 152.27 157.88 OK
r-release-macos-arm64 0.2.1 62.00 NOTE
r-release-macos-x86_64 0.2.1 90.00 NOTE
r-release-windows-x86_64 0.2.1 25.00 195.00 220.00 OK
r-oldrel-macos-arm64 0.2.1 112.00 NOTE
r-oldrel-macos-x86_64 0.2.1 81.00 NOTE
r-oldrel-windows-ix86+x86_64 0.2.1 14.00 194.00 208.00 OK

Check Details

Version: 0.2.1
Check: data for non-ASCII characters
Result: NOTE
     Note: found 62 marked UTF-8 strings
Flavors: r-devel-linux-x86_64-fedora-clang, r-devel-linux-x86_64-fedora-gcc, r-release-macos-arm64, r-release-macos-x86_64, r-oldrel-macos-arm64, r-oldrel-macos-x86_64