CRAN Package Check Results for Package pointblank

Last updated on 2022-11-29 01:52:15 CET.

Flavor Version Tinstall Tcheck Ttotal Status Flags
r-devel-linux-x86_64-debian-clang 0.11.2 28.09 236.07 264.16 OK
r-devel-linux-x86_64-debian-gcc 0.11.2 23.34 175.21 198.55 OK
r-devel-linux-x86_64-fedora-clang 0.11.2 348.21 NOTE
r-devel-linux-x86_64-fedora-gcc 0.11.2 330.12 NOTE
r-devel-windows-x86_64 0.11.2 128.00 307.00 435.00 OK
r-patched-linux-x86_64 0.11.2 39.18 195.90 235.08 OK
r-release-linux-x86_64 0.11.2 19.55 193.58 213.13 OK
r-release-macos-arm64 0.11.2 73.00 NOTE
r-release-macos-x86_64 0.11.2 93.00 NOTE
r-release-windows-x86_64 0.11.2 298.00 232.00 530.00 OK
r-oldrel-macos-arm64 0.11.2 73.00 NOTE
r-oldrel-macos-x86_64 0.11.2 95.00 NOTE
r-oldrel-windows-ix86+x86_64 0.11.2 46.00 218.00 264.00 OK

Check Details

Version: 0.11.2
Check: data for non-ASCII characters
Result: NOTE
     Note: found 1 marked UTF-8 string
Flavors: r-devel-linux-x86_64-fedora-clang, r-devel-linux-x86_64-fedora-gcc, r-release-macos-arm64, r-release-macos-x86_64, r-oldrel-macos-arm64, r-oldrel-macos-x86_64