CRAN Package Check Results for Package polimetrics

Last updated on 2022-10-04 02:54:47 CEST.

Flavor Version Tinstall Tcheck Ttotal Status Flags
r-devel-linux-x86_64-debian-clang 1.2.1.14 6.89 57.64 64.53 OK
r-devel-linux-x86_64-debian-gcc 1.2.1.14 4.85 43.09 47.94 OK
r-devel-linux-x86_64-fedora-clang 1.2.1.14 91.58 NOTE
r-devel-linux-x86_64-fedora-gcc 1.2.1.14 82.50 NOTE
r-devel-windows-x86_64 1.2.1.14 24.00 81.00 105.00 OK
r-patched-linux-x86_64 1.2.1.14 5.04 53.24 58.28 OK
r-release-linux-x86_64 1.2.1.14 5.84 54.21 60.05 OK
r-release-macos-arm64 1.2.1.14 25.00 NOTE
r-release-macos-x86_64 1.2.1.14 46.00 NOTE
r-release-windows-x86_64 1.2.1.14 19.00 82.00 101.00 OK
r-oldrel-macos-arm64 1.2.1.14 23.00 NOTE
r-oldrel-macos-x86_64 1.2.1.14 34.00 NOTE
r-oldrel-windows-ix86+x86_64 1.2.1.14 16.00 78.00 94.00 OK

Check Details

Version: 1.2.1.14
Check: dependencies in R code
Result: NOTE
    Namespaces in Imports field not imported from:
     ‘MASS’ ‘car’ ‘formula.tools’ ‘ggplot2’ ‘gplots’ ‘graphics’ ‘purrr’
     ‘rstatix’ ‘stringr’ ‘tidyverse’
     All declared Imports should be used.
Flavors: r-devel-linux-x86_64-fedora-clang, r-devel-linux-x86_64-fedora-gcc, r-release-macos-arm64, r-release-macos-x86_64, r-oldrel-macos-arm64, r-oldrel-macos-x86_64

Version: 1.2.1.14
Check: data for non-ASCII characters
Result: NOTE
     Note: found 2 marked UTF-8 strings
Flavors: r-devel-linux-x86_64-fedora-clang, r-devel-linux-x86_64-fedora-gcc, r-release-macos-arm64, r-release-macos-x86_64, r-oldrel-macos-arm64, r-oldrel-macos-x86_64