Last updated on 2022-08-13 05:54:10 CEST.
Flavor | Version | Tinstall | Tcheck | Ttotal | Status | Flags |
---|---|---|---|---|---|---|
r-devel-linux-x86_64-debian-clang | 0.8.6 | 27.60 | 327.61 | 355.21 | NOTE | |
r-devel-linux-x86_64-debian-gcc | 0.8.6 | 24.62 | 211.22 | 235.84 | NOTE | |
r-devel-linux-x86_64-fedora-clang | 0.8.6 | 381.85 | NOTE | |||
r-devel-linux-x86_64-fedora-gcc | 0.8.6 | 348.80 | NOTE | |||
r-devel-windows-x86_64 | 0.8.6 | 70.00 | 310.00 | 380.00 | NOTE | |
r-patched-linux-x86_64 | 0.8.6 | 32.29 | 257.69 | 289.98 | OK | |
r-release-linux-x86_64 | 0.8.6 | 29.09 | 258.84 | 287.93 | OK | |
r-release-macos-arm64 | 0.8.6 | 112.00 | NOTE | |||
r-release-macos-x86_64 | 0.8.6 | 133.00 | OK | |||
r-release-windows-x86_64 | 0.8.6 | 195.00 | 308.00 | 503.00 | OK | |
r-oldrel-macos-arm64 | 0.8.6 | 102.00 | NOTE | |||
r-oldrel-macos-x86_64 | 0.8.6 | 121.00 | OK | |||
r-oldrel-windows-ix86+x86_64 | 0.8.6 | 51.00 | 317.00 | 368.00 | OK |
Version: 0.8.6
Check: package subdirectories
Result: NOTE
Problems with news in 'NEWS.md':
Cannot extract version info from the following section titles:
Documentation
Flavors: r-devel-linux-x86_64-debian-clang, r-devel-linux-x86_64-debian-gcc, r-devel-linux-x86_64-fedora-clang, r-devel-linux-x86_64-fedora-gcc, r-devel-windows-x86_64
Version: 0.8.6
Check: installed package size
Result: NOTE
installed size is 5.2Mb
sub-directories of 1Mb or more:
R 2.0Mb
extdata 1.9Mb
Flavors: r-release-macos-arm64, r-oldrel-macos-arm64