CRAN Package Check Results for Package prclust

Last updated on 2022-09-27 02:54:20 CEST.

Flavor Version Tinstall Tcheck Ttotal Status Flags
r-devel-linux-x86_64-debian-clang 1.3 22.96 31.57 54.53 OK
r-devel-linux-x86_64-debian-gcc 1.3 17.11 24.97 42.08 OK
r-devel-linux-x86_64-fedora-clang 1.3 87.16 NOTE
r-devel-linux-x86_64-fedora-gcc 1.3 77.41 NOTE
r-devel-windows-x86_64 1.3 25.00 75.00 100.00 OK
r-patched-linux-x86_64 1.3 18.55 30.21 48.76 OK
r-release-linux-x86_64 1.3 20.13 30.13 50.26 OK
r-release-macos-arm64 1.3 23.00 OK
r-release-macos-x86_64 1.3 30.00 OK
r-release-windows-x86_64 1.3 21.00 76.00 97.00 OK
r-oldrel-macos-arm64 1.3 29.00 OK
r-oldrel-macos-x86_64 1.3 41.00 OK
r-oldrel-windows-ix86+x86_64 1.3 56.00 86.00 142.00 OK

Check Details

Version: 1.3
Check: compiled code
Result: NOTE
    File ‘prclust/libs/prclust.so’:
     Found no calls to: ‘R_registerRoutines’, ‘R_useDynamicSymbols’
    
    It is good practice to register native routines and to disable symbol
    search.
    
    See ‘Writing portable packages’ in the ‘Writing R Extensions’ manual.
Flavors: r-devel-linux-x86_64-fedora-clang, r-devel-linux-x86_64-fedora-gcc