CRAN Package Check Results for Package prediction

Last updated on 2022-12-05 02:51:01 CET.

Flavor Version Tinstall Tcheck Ttotal Status Flags
r-devel-linux-x86_64-debian-clang 0.3.14 6.46 58.66 65.12 NOTE
r-devel-linux-x86_64-debian-gcc 0.3.14 4.64 43.68 48.32 NOTE
r-devel-linux-x86_64-fedora-clang 0.3.14 88.36 NOTE
r-devel-linux-x86_64-fedora-gcc 0.3.14 113.18 NOTE
r-devel-windows-x86_64 0.3.14 46.00 82.00 128.00 OK
r-patched-linux-x86_64 0.3.14 4.52 54.34 58.86 NOTE
r-release-linux-x86_64 0.3.14 5.86 54.49 60.35 NOTE
r-release-macos-arm64 0.3.14 29.00 OK
r-release-macos-x86_64 0.3.14 50.00 NOTE
r-release-windows-x86_64 0.3.14 46.00 81.00 127.00 OK
r-oldrel-macos-arm64 0.3.14 36.00 OK
r-oldrel-macos-x86_64 0.3.14 68.00 OK
r-oldrel-windows-ix86+x86_64 0.3.14 10.00 71.00 81.00 OK

Check Details

Version: 0.3.14
Check: package dependencies
Result: NOTE
    Package which this enhances but not available for checking: 'ffbase'
Flavors: r-devel-linux-x86_64-debian-clang, r-devel-linux-x86_64-debian-gcc, r-devel-linux-x86_64-fedora-clang, r-devel-linux-x86_64-fedora-gcc, r-patched-linux-x86_64, r-release-linux-x86_64, r-release-macos-x86_64

Version: 0.3.14
Check: Rd cross-references
Result: NOTE
    Unknown package 'ffbase' in Rd xrefs
Flavors: r-devel-linux-x86_64-debian-clang, r-devel-linux-x86_64-debian-gcc, r-devel-linux-x86_64-fedora-clang, r-devel-linux-x86_64-fedora-gcc, r-patched-linux-x86_64, r-release-linux-x86_64, r-release-macos-x86_64