CRAN Package Check Results for Package prettyunits

Last updated on 2023-02-01 02:52:27 CET.

Flavor Version Tinstall Tcheck Ttotal Status Flags
r-devel-linux-x86_64-debian-clang 1.1.1 1.97 25.06 27.03 NOTE
r-devel-linux-x86_64-debian-gcc 1.1.1 1.43 19.58 21.01 NOTE
r-devel-linux-x86_64-fedora-clang 1.1.1 35.12 NOTE
r-devel-linux-x86_64-fedora-gcc 1.1.1 33.62 NOTE
r-devel-windows-x86_64 1.1.1 30.00 60.00 90.00 NOTE
r-patched-linux-x86_64 1.1.1 2.32 25.51 27.83 NOTE
r-release-linux-x86_64 1.1.1 2.22 25.04 27.26 NOTE
r-release-macos-arm64 1.1.1 16.00 NOTE
r-release-macos-x86_64 1.1.1 25.00 NOTE
r-release-windows-x86_64 1.1.1 34.00 65.00 99.00 NOTE
r-oldrel-macos-arm64 1.1.1 22.00 NOTE
r-oldrel-macos-x86_64 1.1.1 30.00 NOTE
r-oldrel-windows-ix86+x86_64 1.1.1 8.00 52.00 60.00 NOTE

Check Details

Version: 1.1.1
Check: LazyData
Result: NOTE
     'LazyData' is specified without a 'data' directory
Flavors: r-devel-linux-x86_64-debian-clang, r-devel-linux-x86_64-debian-gcc, r-devel-linux-x86_64-fedora-clang, r-devel-linux-x86_64-fedora-gcc, r-devel-windows-x86_64, r-patched-linux-x86_64, r-release-linux-x86_64, r-release-macos-arm64, r-release-macos-x86_64, r-release-windows-x86_64, r-oldrel-macos-arm64, r-oldrel-macos-x86_64, r-oldrel-windows-ix86+x86_64