CRAN Package Check Results for Package processcheckR

Last updated on 2022-10-02 02:49:18 CEST.

Flavor Version Tinstall Tcheck Ttotal Status Flags
r-devel-linux-x86_64-debian-clang 0.1.3 9.52 103.51 113.03 NOTE
r-devel-linux-x86_64-debian-gcc 0.1.3 7.49 74.06 81.55 NOTE
r-devel-linux-x86_64-fedora-clang 0.1.3 146.02 NOTE
r-devel-linux-x86_64-fedora-gcc 0.1.3 145.10 NOTE
r-devel-windows-x86_64 0.1.3 36.00 124.00 160.00 NOTE
r-patched-linux-x86_64 0.1.3 9.37 91.53 100.90 NOTE
r-release-linux-x86_64 0.1.3 10.68 94.67 105.35 NOTE
r-release-macos-arm64 0.1.3 38.00 NOTE
r-release-macos-x86_64 0.1.3 62.00 NOTE
r-release-windows-x86_64 0.1.3 44.00 118.00 162.00 NOTE
r-oldrel-macos-arm64 0.1.3 40.00 NOTE
r-oldrel-macos-x86_64 0.1.3 54.00 NOTE
r-oldrel-windows-ix86+x86_64 0.1.3 23.00 114.00 137.00 NOTE

Check Details

Version: 0.1.3
Check: LazyData
Result: NOTE
     'LazyData' is specified without a 'data' directory
Flavors: r-devel-linux-x86_64-debian-clang, r-devel-linux-x86_64-debian-gcc, r-devel-linux-x86_64-fedora-clang, r-devel-linux-x86_64-fedora-gcc, r-devel-windows-x86_64, r-patched-linux-x86_64, r-release-linux-x86_64, r-release-macos-arm64, r-release-macos-x86_64, r-release-windows-x86_64, r-oldrel-macos-arm64, r-oldrel-macos-x86_64, r-oldrel-windows-ix86+x86_64