CRAN Package Check Results for Package processmonitR

Last updated on 2022-12-10 02:49:36 CET.

Flavor Version Tinstall Tcheck Ttotal Status Flags
r-devel-linux-x86_64-debian-clang 0.1.0 7.92 78.73 86.65 NOTE
r-devel-linux-x86_64-debian-gcc 0.1.0 8.10 59.01 67.11 NOTE
r-devel-linux-x86_64-fedora-clang 0.1.0 118.57 NOTE
r-devel-linux-x86_64-fedora-gcc 0.1.0 126.62 NOTE
r-devel-windows-x86_64 0.1.0 15.00 100.00 115.00 NOTE
r-patched-linux-x86_64 0.1.0 9.13 75.19 84.32 NOTE
r-release-linux-x86_64 0.1.0 5.75 75.41 81.16 NOTE
r-release-macos-arm64 0.1.0 34.00 NOTE
r-release-macos-x86_64 0.1.0 55.00 NOTE
r-release-windows-x86_64 0.1.0 14.00 113.00 127.00 NOTE
r-oldrel-macos-arm64 0.1.0 36.00 NOTE
r-oldrel-macos-x86_64 0.1.0 47.00 NOTE
r-oldrel-windows-ix86+x86_64 0.1.0 22.00 98.00 120.00 NOTE

Check Details

Version: 0.1.0
Check: LazyData
Result: NOTE
     'LazyData' is specified without a 'data' directory
Flavors: r-devel-linux-x86_64-debian-clang, r-devel-linux-x86_64-debian-gcc, r-devel-linux-x86_64-fedora-clang, r-devel-linux-x86_64-fedora-gcc, r-devel-windows-x86_64, r-patched-linux-x86_64, r-release-linux-x86_64, r-release-macos-arm64, r-release-macos-x86_64, r-release-windows-x86_64, r-oldrel-macos-arm64, r-oldrel-macos-x86_64, r-oldrel-windows-ix86+x86_64