CRAN Package Check Results for Package projects

Last updated on 2020-12-05 02:49:52 CET.

Flavor Version Tinstall Tcheck Ttotal Status Flags
r-devel-linux-x86_64-debian-clang 2.1.1 5.98 54.02 60.00 OK
r-devel-linux-x86_64-debian-gcc 2.1.1 5.07 41.69 46.76 OK
r-devel-linux-x86_64-fedora-clang 2.1.1 76.24 NOTE
r-devel-linux-x86_64-fedora-gcc 2.1.1 65.00 NOTE
r-devel-windows-ix86+x86_64 2.1.1 12.00 74.00 86.00 OK
r-patched-linux-x86_64 2.1.1 6.83 52.29 59.12 OK
r-patched-solaris-x86 2.1.1 91.30 NOTE
r-release-linux-x86_64 2.1.1 6.27 53.47 59.74 OK
r-release-macos-x86_64 2.1.1 NOTE
r-release-windows-ix86+x86_64 2.1.1 9.00 55.00 64.00 OK
r-oldrel-macos-x86_64 2.1.1 NOTE
r-oldrel-windows-ix86+x86_64 2.1.1 10.00 53.00 63.00 OK

Check Details

Version: 2.1.1
Check: dependencies in R code
Result: NOTE
    Namespace in Imports field not imported from: ‘methods’
     All declared Imports should be used.
Flavors: r-devel-linux-x86_64-fedora-clang, r-devel-linux-x86_64-fedora-gcc, r-patched-solaris-x86, r-release-macos-x86_64, r-oldrel-macos-x86_64