CRAN Package Check Results for Package proustr

Last updated on 2022-10-05 05:57:11 CEST.

Flavor Version Tinstall Tcheck Ttotal Status Flags
r-devel-linux-x86_64-debian-clang 0.4.0 7.98 70.75 78.73 OK
r-devel-linux-x86_64-debian-gcc 0.4.0 6.96 52.59 59.55 OK
r-devel-linux-x86_64-fedora-clang 0.4.0 106.86 NOTE
r-devel-linux-x86_64-fedora-gcc 0.4.0 106.88 NOTE
r-devel-windows-x86_64 0.4.0 24.00 106.00 130.00 OK
r-patched-linux-x86_64 0.4.0 8.11 64.71 72.82 OK
r-release-linux-x86_64 0.4.0 7.54 65.85 73.39 OK
r-release-macos-arm64 0.4.0 31.00 NOTE
r-release-macos-x86_64 0.4.0 55.00 NOTE
r-release-windows-x86_64 0.4.0 32.00 100.00 132.00 OK
r-oldrel-macos-arm64 0.4.0 32.00 NOTE
r-oldrel-macos-x86_64 0.4.0 46.00 NOTE
r-oldrel-windows-ix86+x86_64 0.4.0 19.00 95.00 114.00 OK

Check Details

Version: 0.4.0
Check: data for non-ASCII characters
Result: NOTE
     Note: found 12717 marked UTF-8 strings
Flavors: r-devel-linux-x86_64-fedora-clang, r-devel-linux-x86_64-fedora-gcc, r-release-macos-arm64, r-release-macos-x86_64, r-oldrel-macos-arm64, r-oldrel-macos-x86_64