CRAN Package Check Results for Package prt

Last updated on 2021-01-20 02:50:28 CET.

Flavor Version Tinstall Tcheck Ttotal Status Flags
r-devel-linux-x86_64-debian-clang 0.1.2 4.36 59.92 64.28 OK
r-devel-linux-x86_64-debian-gcc 0.1.2 3.45 43.87 47.32 OK
r-devel-linux-x86_64-fedora-clang 0.1.2 80.17 OK
r-devel-linux-x86_64-fedora-gcc 0.1.2 70.50 OK
r-devel-windows-ix86+x86_64 0.1.2 8.00 60.00 68.00 OK
r-patched-linux-x86_64 0.1.2 4.29 54.79 59.08 OK
r-patched-solaris-x86 0.1.2 99.90 WARN
r-release-linux-x86_64 0.1.2 3.65 53.64 57.29 OK
r-release-macos-x86_64 0.1.2 OK
r-release-windows-ix86+x86_64 0.1.2 9.00 56.00 65.00 OK
r-oldrel-macos-x86_64 0.1.2 OK
r-oldrel-windows-ix86+x86_64 0.1.2 7.00 49.00 56.00 OK

Check Details

Version: 0.1.2
Check: re-building of vignette outputs
Result: WARN
    Error(s) in re-building vignettes:
     ...
    --- re-building ‘prt.Rmd’ using rmarkdown
    Warning in engine$weave(file, quiet = quiet, encoding = enc) :
     Pandoc (>= 1.12.3) and/or pandoc-citeproc not available. Falling back to R Markdown v1.
    
     *** caught segfault ***
    address f6151710, cause 'memory not mapped'
    
     *** caught segfault ***
    address f6151710, cause 'memory not mapped'
    Warning: stack imbalance in 'is.pairlist', 48 then 47
    Warning: stack imbalance in '||', 48 then 45
    Warning: stack imbalance in 'if', 46 then 43
    Warning: stack imbalance in 'options', 41 then 40
    Warning: stack imbalance in 'lapply', 42 then 43
    
    Traceback:
     1: fstretrieve(file_name, columns, from, to)
     2: fst::read_fst(fst_filename(x), columns = unique(columns), from = from, to = to, as.data.table = TRUE)
     3: FUN(X[[i]], ...)
     4: lapply(unclass(x), ...)
     5: prt_lapply(x, fst_read, rows = NULL, columns = columns)
     6: prt_read(x, rows = i, columns = j)
     7: prt_subset2(x, j = i, i = NULL)
     8: `[[.prt`(flights, 1L)
     9: flights[[1L]]
    10: str(flights[[1L]])
    11: eval(expr, envir, enclos)
    12: eval(expr, envir, enclos)
    13: withVisible(eval(expr, envir, enclos))
    14: withCallingHandlers(withVisible(eval(expr, envir, enclos)), warning = wHandler, error = eHandler, message = mHandler)
    15: handle(ev <- withCallingHandlers(withVisible(eval(expr, envir, enclos)), warning = wHandler, error = eHandler, message = mHandler))
    16: timing_fn(handle(ev <- withCallingHandlers(withVisible(eval(expr, envir, enclos)), warning = wHandler, error = eHandler, message = mHandler)))
    17: evaluate_call(expr, parsed$src[[i]], envir = envir, enclos = enclos, debug = debug, last = i == length(out), use_try = stop_on_error != 2L, keep_warning = keep_warning, keep_message = keep_message, output_handler = output_handler, include_timing = include_timing)
    18: evaluate::evaluate(...)
    19: evaluate(code, envir = env, new_device = FALSE, keep_warning = !isFALSE(options$warning), keep_message = !isFALSE(options$message), stop_on_error = if (options$error && options$include) 0L else 2L, output_handler = knit_handlers(options$render, options))
    20: in_dir(input_dir(), evaluate(code, envir = env, new_device = FALSE, keep_warning = !warning(), keep_message = !isFALSE(function (..., call. = TRUE, immediate. = FALSE, noBreaks. = FALSE, domain = NULL) { args <- list(...) if (length(args) == 1L && inherits(args[[1L]], "condition")) { cond <- args[[1L]] if (nargs() > 1L) cat(gettext("additional arguments ignored in warning()"), "\n", sep = "", file = stderr()) message <- conditionMessage(cond) call <- conditionCall(cond) withRestarts({ .Internal(.signalCondition(cond, message, call)) .Internal(.dfltWarn(message, call)) }, muffleWarning = function() NULL) invisible(message) } else .Internal(warning(call., immediate., noBreaks., .makeMessage(..., domain = domain))) }), stop_on_error = if (options$error && options$include) 0L else 2L, output_handler = knit_handlers(options$render, options)))
    21: block_exec(params)
    22: call_block(x)
    23: Quitting from lines 53-57 (prt.Rmd)
    process_group.block(group)
    24: process_group(group)
    25: withCallingHandlers(if (tangle) process_tangle(group) else process_group(group), error = function(e) { setwd(wd) cat(res, sep = "\n", file = output %n% "") message("Quitting from lines ", paste(current_lines(i), collapse = "-"), " (", knit_concord$get("infile"), ") ") })
    26: process_file(text, output)
    27: knit(input, text = text, envir = envir, quiet = quiet)
    28: knit2html(..., force_v1 = TRUE)
    29: (if (grepl("\\.[Rr]md$", file)) knit2html_v1 else if (grepl("\\.[Rr]rst$", file)) knit2pandoc else knit)(file, encoding = encoding, quiet = quiet, envir = globalenv(), ...)
    30: vweave(...)
    31: engine$weave(file, quiet = quiet, encoding = enc)
    32: doTryCatch(return(expr), name, parentenv, handler)
    33: tryCatchOne(expr, names, parentenv, handlers[[1L]])
Flavor: r-patched-solaris-x86