Last updated on 2023-01-28 02:57:27 CET.
Flavor | Version | Tinstall | Tcheck | Ttotal | Status | Flags |
---|---|---|---|---|---|---|
r-devel-linux-x86_64-debian-clang | 0.1.2 | 22.25 | 194.03 | 216.28 | OK | |
r-devel-linux-x86_64-debian-gcc | 0.1.2 | 18.45 | 140.04 | 158.49 | OK | |
r-devel-linux-x86_64-fedora-clang | 0.1.2 | 263.30 | NOTE | |||
r-devel-linux-x86_64-fedora-gcc | 0.1.2 | 268.54 | NOTE | |||
r-patched-linux-x86_64 | 0.1.2 | 27.12 | 183.37 | 210.49 | OK | |
r-release-linux-x86_64 | 0.1.2 | 19.02 | 184.40 | 203.42 | OK | |
r-release-macos-arm64 | 0.1.2 | 68.00 | NOTE | |||
r-release-macos-x86_64 | 0.1.2 | 103.00 | NOTE | |||
r-release-windows-x86_64 | 0.1.2 | 77.00 | 219.00 | 296.00 | OK | |
r-oldrel-macos-arm64 | 0.1.2 | 71.00 | NOTE | |||
r-oldrel-macos-x86_64 | 0.1.2 | 91.00 | NOTE | |||
r-oldrel-windows-ix86+x86_64 | 0.1.2 | 50.00 | 214.00 | 264.00 | OK |
Version: 0.1.2
Check: data for non-ASCII characters
Result: NOTE
Note: found 140 marked UTF-8 strings
Flavors: r-devel-linux-x86_64-fedora-clang, r-devel-linux-x86_64-fedora-gcc, r-release-macos-arm64, r-release-macos-x86_64, r-oldrel-macos-arm64, r-oldrel-macos-x86_64