CRAN Package Check Results for Package psychonetrics

Last updated on 2020-12-01 02:48:57 CET.

Flavor Version Tinstall Tcheck Ttotal Status Flags
r-devel-linux-x86_64-debian-clang 0.8 808.55 188.75 997.30 OK
r-devel-linux-x86_64-debian-gcc 0.8 1311.87 140.14 1452.01 OK
r-devel-linux-x86_64-fedora-clang 0.8 1673.15 NOTE
r-devel-linux-x86_64-fedora-gcc 0.8 1419.12 OK
r-devel-windows-ix86+x86_64 0.8 2135.00 225.00 2360.00 NOTE
r-patched-linux-x86_64 0.8 1135.56 180.50 1316.06 NOTE
r-patched-solaris-x86 0.8 1179.00 OK
r-release-linux-x86_64 0.8 1185.67 181.72 1367.39 OK
r-release-macos-x86_64 0.8 NOTE
r-release-windows-ix86+x86_64 0.8 1345.00 219.00 1564.00 NOTE
r-oldrel-macos-x86_64 0.8 NOTE
r-oldrel-windows-ix86+x86_64 0.8 1891.00 270.00 2161.00 NOTE

Check Details

Version: 0.8
Check: package dependencies
Result: NOTE
    Imports includes 22 non-default packages.
    Importing from so many packages makes the package vulnerable to any of
    them becoming unavailable. Move as many as possible to Suggests and
    use conditionally.
Flavor: r-devel-linux-x86_64-fedora-clang

Version: 0.8
Check: installed package size
Result: NOTE
     installed size is 49.3Mb
     sub-directories of 1Mb or more:
     libs 48.3Mb
Flavors: r-devel-linux-x86_64-fedora-clang, r-devel-windows-ix86+x86_64, r-release-macos-x86_64, r-release-windows-ix86+x86_64, r-oldrel-macos-x86_64, r-oldrel-windows-ix86+x86_64

Version: 0.8
Check: package dependencies
Result: NOTE
    Packages suggested but not available for checking: 'semPlot', 'metaSEM'
Flavor: r-patched-linux-x86_64