Last updated on 2023-01-31 03:00:53 CET.
Flavor | Version | Tinstall | Tcheck | Ttotal | Status | Flags |
---|---|---|---|---|---|---|
r-devel-linux-x86_64-debian-clang | 1.2.7 | 11.94 | 408.51 | 420.45 | OK | |
r-devel-linux-x86_64-debian-gcc | 1.2.7 | 8.32 | 290.08 | 298.40 | OK | |
r-devel-linux-x86_64-fedora-clang | 1.2.7 | 526.96 | NOTE | |||
r-devel-linux-x86_64-fedora-gcc | 1.2.7 | 582.36 | NOTE | |||
r-devel-windows-x86_64 | 1.2.7 | 24.00 | 573.00 | 597.00 | OK | |
r-patched-linux-x86_64 | 1.2.7 | 20.23 | 374.13 | 394.36 | OK | |
r-release-linux-x86_64 | 1.2.7 | 10.98 | 372.13 | 383.11 | OK | |
r-release-macos-arm64 | 1.2.7 | 122.00 | NOTE | |||
r-release-macos-x86_64 | 1.2.7 | 207.00 | NOTE | |||
r-release-windows-x86_64 | 1.2.7 | 49.00 | 455.00 | 504.00 | OK | |
r-oldrel-macos-arm64 | 1.2.7 | 121.00 | NOTE | |||
r-oldrel-macos-x86_64 | 1.2.7 | 155.00 | NOTE | |||
r-oldrel-windows-ix86+x86_64 | 1.2.7 | 41.00 | 446.00 | 487.00 | OK |
Version: 1.2.7
Check: dependencies in R code
Result: NOTE
Namespaces in Imports field not imported from:
‘Hmisc’ ‘sjPlot’
All declared Imports should be used.
Flavors: r-devel-linux-x86_64-fedora-clang, r-devel-linux-x86_64-fedora-gcc, r-release-macos-arm64, r-release-macos-x86_64, r-oldrel-macos-arm64, r-oldrel-macos-x86_64