CRAN Package Check Results for Package qsort

Last updated on 2022-07-04 02:53:39 CEST.

Flavor Version Tinstall Tcheck Ttotal Status Flags
r-devel-linux-x86_64-debian-clang 0.2.3 5.36 58.10 63.46 OK
r-devel-linux-x86_64-debian-gcc 0.2.3 4.10 44.28 48.38 OK
r-devel-linux-x86_64-fedora-clang 0.2.3 87.73 NOTE
r-devel-linux-x86_64-fedora-gcc 0.2.3 85.61 NOTE
r-devel-windows-x86_64 0.2.3 12.00 80.00 92.00 OK
r-patched-linux-x86_64 0.2.3 4.09 56.25 60.34 OK
r-release-linux-x86_64 0.2.3 4.28 55.44 59.72 OK
r-release-macos-arm64 0.2.3 27.00 NOTE
r-release-macos-x86_64 0.2.3 49.00 NOTE
r-release-windows-x86_64 0.2.3 14.00 87.00 101.00 OK
r-oldrel-macos-arm64 0.2.3 28.00 NOTE
r-oldrel-macos-x86_64 0.2.3 39.00 NOTE
r-oldrel-windows-ix86+x86_64 0.2.3 16.00 78.00 94.00 OK

Check Details

Version: 0.2.3
Check: data for non-ASCII characters
Result: NOTE
     Note: found 6 marked UTF-8 strings
Flavors: r-devel-linux-x86_64-fedora-clang, r-devel-linux-x86_64-fedora-gcc, r-release-macos-arm64, r-release-macos-x86_64, r-oldrel-macos-arm64, r-oldrel-macos-x86_64