Last updated on 2023-03-29 02:55:35 CEST.
Flavor | Version | Tinstall | Tcheck | Ttotal | Status | Flags |
---|---|---|---|---|---|---|
r-devel-linux-x86_64-debian-clang | 0.2.3 | 89.61 | 161.53 | 251.14 | NOTE | |
r-devel-linux-x86_64-debian-gcc | 0.2.3 | 74.43 | 119.11 | 193.54 | NOTE | |
r-devel-linux-x86_64-fedora-clang | 0.2.3 | 325.41 | NOTE | |||
r-devel-linux-x86_64-fedora-gcc | 0.2.3 | 328.53 | NOTE | |||
r-devel-windows-x86_64 | 0.2.3 | 91.00 | 0.00 | 91.00 | NOTE | |
r-patched-linux-x86_64 | 0.2.3 | 80.90 | 150.06 | 230.96 | NOTE | |
r-release-linux-x86_64 | 0.2.3 | 67.24 | 147.45 | 214.69 | OK | |
r-release-macos-arm64 | 0.2.3 | 79.00 | NOTE | |||
r-release-macos-x86_64 | 0.2.3 | 130.00 | NOTE | |||
r-release-windows-x86_64 | 0.2.3 | 87.00 | 178.00 | 265.00 | OK | |
r-oldrel-macos-arm64 | 0.2.3 | 83.00 | NOTE | |||
r-oldrel-macos-x86_64 | 0.2.3 | 101.00 | NOTE | |||
r-oldrel-windows-ix86+x86_64 | 0.2.3 | 179.00 | 232.00 | 411.00 | OK |
Version: 0.2.3
Check: C++ specification
Result: NOTE
Specified C++11: please drop specification unless essential
Flavors: r-devel-linux-x86_64-debian-clang, r-devel-linux-x86_64-debian-gcc, r-devel-linux-x86_64-fedora-clang, r-devel-linux-x86_64-fedora-gcc, r-devel-windows-x86_64, r-patched-linux-x86_64
Version: 0.2.3
Check: installed package size
Result: NOTE
installed size is 6.7Mb
sub-directories of 1Mb or more:
libs 5.8Mb
Flavors: r-release-macos-arm64, r-release-macos-x86_64, r-oldrel-macos-arm64, r-oldrel-macos-x86_64