Last updated on 2022-08-13 05:54:11 CEST.
Flavor | Version | Tinstall | Tcheck | Ttotal | Status | Flags |
---|---|---|---|---|---|---|
r-devel-linux-x86_64-debian-clang | 3.2.2 | 227.11 | 307.87 | 534.98 | OK | |
r-devel-linux-x86_64-debian-gcc | 3.2.2 | 191.37 | 229.21 | 420.58 | OK | |
r-devel-linux-x86_64-fedora-clang | 3.2.2 | 725.16 | NOTE | |||
r-devel-linux-x86_64-fedora-gcc | 3.2.2 | 718.57 | NOTE | |||
r-devel-windows-x86_64 | 3.2.2 | 361.00 | 368.00 | 729.00 | OK | |
r-patched-linux-x86_64 | 3.2.2 | 204.44 | 287.42 | 491.86 | OK | |
r-release-linux-x86_64 | 3.2.2 | 211.86 | 291.30 | 503.16 | OK | |
r-release-macos-arm64 | 3.2.2 | 170.00 | NOTE | |||
r-release-macos-x86_64 | 3.2.2 | 224.00 | NOTE | |||
r-release-windows-x86_64 | 3.2.2 | 231.00 | 291.00 | 522.00 | OK | |
r-oldrel-macos-arm64 | 3.2.2 | 156.00 | NOTE | |||
r-oldrel-macos-x86_64 | 3.2.2 | 224.00 | NOTE | |||
r-oldrel-windows-ix86+x86_64 | 3.2.2 | 394.00 | 458.00 | 852.00 | NOTE |
Version: 3.2.2
Check: data for non-ASCII characters
Result: NOTE
Note: found 4 marked UTF-8 strings
Flavors: r-devel-linux-x86_64-fedora-clang, r-devel-linux-x86_64-fedora-gcc, r-release-macos-arm64, r-release-macos-x86_64, r-oldrel-macos-arm64, r-oldrel-macos-x86_64
Version: 3.2.2
Check: installed package size
Result: NOTE
installed size is 9.3Mb
sub-directories of 1Mb or more:
libs 6.5Mb
Flavors: r-release-macos-arm64, r-release-macos-x86_64, r-oldrel-macos-arm64, r-oldrel-macos-x86_64, r-oldrel-windows-ix86+x86_64