CRAN Package Check Results for Package quanteda.textmodels

Last updated on 2022-11-29 01:52:16 CET.

Flavor Version Tinstall Tcheck Ttotal Status Flags
r-devel-linux-x86_64-debian-clang 0.9.5-1 131.10 272.48 403.58 OK
r-devel-linux-x86_64-debian-gcc 0.9.5-1 113.19 205.12 318.31 OK
r-devel-linux-x86_64-fedora-clang 0.9.5-1 538.55 NOTE
r-devel-linux-x86_64-fedora-gcc 0.9.5-1 561.23 NOTE
r-devel-windows-x86_64 0.9.5-1 314.00 382.00 696.00 NOTE
r-patched-linux-x86_64 0.9.5-1 114.61 257.24 371.85 OK
r-release-linux-x86_64 0.9.5-1 112.22 288.44 400.66 OK
r-release-macos-arm64 0.9.5-1 190.00 NOTE
r-release-macos-x86_64 0.9.5-1 256.00 NOTE
r-release-windows-x86_64 0.9.5-1 328.00 399.00 727.00 NOTE
r-oldrel-macos-arm64 0.9.5-1 185.00 NOTE
r-oldrel-macos-x86_64 0.9.5-1 238.00 NOTE
r-oldrel-windows-ix86+x86_64 0.9.5-1 307.00 293.00 600.00 WARN

Check Details

Version: 0.9.5-1
Check: installed package size
Result: NOTE
     installed size is 5.0Mb
     sub-directories of 1Mb or more:
     data 3.9Mb
Flavors: r-devel-linux-x86_64-fedora-clang, r-devel-windows-x86_64, r-release-macos-arm64, r-release-macos-x86_64, r-release-windows-x86_64, r-oldrel-macos-arm64, r-oldrel-macos-x86_64, r-oldrel-windows-ix86+x86_64

Version: 0.9.5-1
Check: data for non-ASCII characters
Result: NOTE
     Note: found 35707 marked UTF-8 strings
Flavors: r-devel-linux-x86_64-fedora-clang, r-devel-linux-x86_64-fedora-gcc, r-release-macos-arm64, r-release-macos-x86_64, r-oldrel-macos-arm64, r-oldrel-macos-x86_64

Version: 0.9.5-1
Check: for unstated dependencies in ‘tests’
Result: WARN
    Warning: unable to access index for repository https://bioconductor.org/packages/3.14/bioc/src/contrib:
     cannot open URL 'https://bioconductor.org/packages/3.14/bioc/src/contrib/PACKAGES'
    Warning: unable to access index for repository https://bioconductor.org/packages/3.14/data/annotation/src/contrib:
     cannot open URL 'https://bioconductor.org/packages/3.14/data/annotation/src/contrib/PACKAGES'
    Warning: unable to access index for repository https://bioconductor.org/packages/3.14/data/experiment/src/contrib:
     cannot open URL 'https://bioconductor.org/packages/3.14/data/experiment/src/contrib/PACKAGES'
Flavor: r-oldrel-windows-ix86+x86_64

Version: 0.9.5-1
Check: re-building of vignette outputs
Result: WARN
    Error(s) in re-building vignettes:
    --- re-building 'textmodel_performance.Rmd' using rmarkdown
    Quitting from lines 32-39 (textmodel_performance.Rmd)
    Error: processing vignette 'textmodel_performance.Rmd' failed with diagnostics:
    cannot open the connection
    --- failed re-building 'textmodel_performance.Rmd'
    
    SUMMARY: processing the following file failed:
     'textmodel_performance.Rmd'
    
    Error: Vignette re-building failed.
    Execution halted
Flavor: r-oldrel-windows-ix86+x86_64