CRAN Package Check Results for Package quickReg

Last updated on 2022-07-02 02:53:11 CEST.

Flavor Version Tinstall Tcheck Ttotal Status Flags
r-devel-linux-x86_64-debian-clang 1.5.0 7.36 96.68 104.04 OK
r-devel-linux-x86_64-debian-gcc 1.5.0 5.45 69.54 74.99 OK
r-devel-linux-x86_64-fedora-clang 1.5.0 130.81 NOTE
r-devel-linux-x86_64-fedora-gcc 1.5.0 127.36 NOTE
r-devel-windows-x86_64 1.5.0 16.00 117.00 133.00 OK
r-patched-linux-x86_64 1.5.0 7.29 88.94 96.23 OK
r-release-linux-x86_64 1.5.0 7.15 88.80 95.95 OK
r-release-macos-arm64 1.5.0 37.00 NOTE
r-release-macos-x86_64 1.5.0 71.00 NOTE
r-release-windows-x86_64 1.5.0 17.00 121.00 138.00 OK
r-oldrel-macos-arm64 1.5.0 51.00 NOTE
r-oldrel-macos-x86_64 1.5.0 60.00 NOTE
r-oldrel-windows-ix86+x86_64 1.5.0 17.00 114.00 131.00 OK

Check Details

Version: 1.5.0
Check: dependencies in R code
Result: NOTE
    Namespace in Imports field not imported from: ‘psych’
     All declared Imports should be used.
Flavors: r-devel-linux-x86_64-fedora-clang, r-devel-linux-x86_64-fedora-gcc, r-release-macos-arm64, r-release-macos-x86_64, r-oldrel-macos-arm64, r-oldrel-macos-x86_64

Version: 1.5.0
Check: Rd cross-references
Result: NOTE
    Undeclared package ‘PredictABEL’ in Rd xrefs
Flavor: r-devel-linux-x86_64-fedora-clang