CRAN Package Check Results for Package quickReg

Last updated on 2021-01-20 02:50:28 CET.

Flavor Version Tinstall Tcheck Ttotal Status Flags
r-devel-linux-x86_64-debian-clang 1.5.0 5.56 77.80 83.36 OK
r-devel-linux-x86_64-debian-gcc 1.5.0 4.33 58.55 62.88 OK
r-devel-linux-x86_64-fedora-clang 1.5.0 107.87 NOTE
r-devel-linux-x86_64-fedora-gcc 1.5.0 98.98 NOTE
r-devel-windows-ix86+x86_64 1.5.0 9.00 87.00 96.00 OK
r-patched-linux-x86_64 1.5.0 5.36 73.47 78.83 OK
r-patched-solaris-x86 1.5.0 131.10 NOTE
r-release-linux-x86_64 1.5.0 5.15 73.21 78.36 OK
r-release-macos-x86_64 1.5.0 NOTE
r-release-windows-ix86+x86_64 1.5.0 11.00 72.00 83.00 OK
r-oldrel-macos-x86_64 1.5.0 NOTE
r-oldrel-windows-ix86+x86_64 1.5.0 8.00 69.00 77.00 OK

Check Details

Version: 1.5.0
Check: dependencies in R code
Result: NOTE
    Namespace in Imports field not imported from: ‘psych’
     All declared Imports should be used.
Flavors: r-devel-linux-x86_64-fedora-clang, r-devel-linux-x86_64-fedora-gcc, r-patched-solaris-x86, r-release-macos-x86_64, r-oldrel-macos-x86_64

Version: 1.5.0
Check: Rd cross-references
Result: NOTE
    Undeclared package ‘PredictABEL’ in Rd xrefs
Flavor: r-devel-linux-x86_64-fedora-clang