CRAN Package Check Results for Package rODE

Last updated on 2020-12-05 02:49:55 CET.

Flavor Version Tinstall Tcheck Ttotal Status Flags
r-devel-linux-x86_64-debian-clang 0.99.6 6.50 115.07 121.57 OK
r-devel-linux-x86_64-debian-gcc 0.99.6 4.24 85.47 89.71 OK
r-devel-linux-x86_64-fedora-clang 0.99.6 144.05 NOTE
r-devel-linux-x86_64-fedora-gcc 0.99.6 137.08 NOTE
r-devel-windows-ix86+x86_64 0.99.6 10.00 141.00 151.00 OK
r-patched-linux-x86_64 0.99.6 5.77 108.65 114.42 OK
r-patched-solaris-x86 0.99.6 170.60 NOTE
r-release-linux-x86_64 0.99.6 5.78 108.16 113.94 OK
r-release-macos-x86_64 0.99.6 NOTE
r-release-windows-ix86+x86_64 0.99.6 10.00 111.00 121.00 OK
r-oldrel-macos-x86_64 0.99.6 NOTE
r-oldrel-windows-ix86+x86_64 0.99.6 10.00 104.00 114.00 OK

Check Details

Version: 0.99.6
Check: dependencies in R code
Result: NOTE
    Namespace in Imports field not imported from: ‘data.table’
     All declared Imports should be used.
Flavors: r-devel-linux-x86_64-fedora-clang, r-devel-linux-x86_64-fedora-gcc, r-patched-solaris-x86, r-release-macos-x86_64, r-oldrel-macos-x86_64