Last updated on 2021-01-19 02:51:17 CET.
Flavor | Version | Tinstall | Tcheck | Ttotal | Status | Flags |
---|---|---|---|---|---|---|
r-devel-linux-x86_64-debian-clang | 1.3 | 76.91 | 69.32 | 146.23 | NOTE | |
r-devel-linux-x86_64-debian-gcc | 1.3 | 50.11 | 52.38 | 102.49 | NOTE | |
r-devel-linux-x86_64-fedora-clang | 1.3 | 207.38 | NOTE | |||
r-devel-linux-x86_64-fedora-gcc | 1.3 | 198.42 | NOTE | |||
r-devel-windows-ix86+x86_64 | 1.3 | 147.00 | 108.00 | 255.00 | NOTE | |
r-patched-linux-x86_64 | 1.3 | 59.82 | 64.30 | 124.12 | NOTE | |
r-patched-solaris-x86 | 1.3 | 177.60 | NOTE | |||
r-release-linux-x86_64 | 1.3 | 62.57 | 65.93 | 128.50 | NOTE | |
r-release-macos-x86_64 | 1.3 | NOTE | ||||
r-release-windows-ix86+x86_64 | 1.3 | 156.00 | 93.00 | 249.00 | NOTE | |
r-oldrel-macos-x86_64 | 1.3 | NOTE | ||||
r-oldrel-windows-ix86+x86_64 | 1.3 | 115.00 | 85.00 | 200.00 | NOTE |
Version: 1.3
Check: for GNU extensions in Makefiles
Result: NOTE
GNU make is a SystemRequirements.
Flavors: r-devel-linux-x86_64-debian-clang, r-devel-linux-x86_64-debian-gcc, r-devel-linux-x86_64-fedora-clang, r-devel-linux-x86_64-fedora-gcc, r-devel-windows-ix86+x86_64, r-patched-linux-x86_64, r-patched-solaris-x86, r-release-linux-x86_64, r-release-macos-x86_64, r-release-windows-ix86+x86_64, r-oldrel-macos-x86_64, r-oldrel-windows-ix86+x86_64
Version: 1.3
Check: package dependencies
Result: NOTE
Packages suggested but not available for checking: 'graph', 'Rgraphviz'
Flavor: r-oldrel-macos-x86_64