CRAN Package Check Results for Package rappsflyer

Last updated on 2023-03-30 02:50:51 CEST.

Flavor Version Tinstall Tcheck Ttotal Status Flags
r-devel-linux-x86_64-debian-clang 0.2.0 5.76 53.00 58.76 NOTE
r-devel-linux-x86_64-debian-gcc 0.2.0 4.52 40.82 45.34 NOTE
r-devel-linux-x86_64-fedora-clang 0.2.0 71.29 NOTE
r-devel-linux-x86_64-fedora-gcc 0.2.0 79.28 NOTE
r-devel-windows-x86_64 0.2.0 18.00 0.00 18.00 NOTE
r-patched-linux-x86_64 0.2.0 5.73 49.88 55.61 NOTE
r-release-linux-x86_64 0.2.0 5.61 51.41 57.02 NOTE
r-release-macos-arm64 0.2.0 28.00 NOTE
r-release-macos-x86_64 0.2.0 56.00 NOTE
r-release-windows-x86_64 0.2.0 26.00 80.00 106.00 NOTE
r-oldrel-macos-arm64 0.2.0 30.00 NOTE
r-oldrel-macos-x86_64 0.2.0 39.00 NOTE
r-oldrel-windows-ix86+x86_64 0.2.0 14.00 86.00 100.00 NOTE

Check Details

Version: 0.2.0
Check: LazyData
Result: NOTE
     'LazyData' is specified without a 'data' directory
Flavors: r-devel-linux-x86_64-debian-clang, r-devel-linux-x86_64-debian-gcc, r-devel-linux-x86_64-fedora-clang, r-devel-linux-x86_64-fedora-gcc, r-devel-windows-x86_64, r-patched-linux-x86_64, r-release-linux-x86_64, r-release-macos-arm64, r-release-macos-x86_64, r-release-windows-x86_64, r-oldrel-macos-arm64, r-oldrel-macos-x86_64, r-oldrel-windows-ix86+x86_64