CRAN Package Check Results for Package rasterdiv

Last updated on 2022-10-07 03:56:04 CEST.

Flavor Version Tinstall Tcheck Ttotal Status Flags
r-devel-linux-x86_64-debian-clang 0.2-5.2 49.63 515.82 565.45 OK
r-devel-linux-x86_64-debian-gcc 0.2-5.2 41.04 363.90 404.94 OK
r-devel-linux-x86_64-fedora-clang 0.2-5.2 684.82 OK
r-devel-linux-x86_64-fedora-gcc 0.2-5.2 662.79 OK
r-devel-windows-x86_64 0.2-5.2 64.00 501.00 565.00 OK
r-patched-linux-x86_64 0.2-5.2 46.77 479.40 526.17 OK
r-release-linux-x86_64 0.2-5.2 45.47 483.10 528.57 OK
r-release-macos-arm64 0.2-5.2 172.00 NOTE
r-release-macos-x86_64 0.2-5.2 229.00 OK
r-release-windows-x86_64 0.2-5.2 68.00 489.00 557.00 OK
r-oldrel-macos-arm64 0.2-5.2 152.00 NOTE
r-oldrel-macos-x86_64 0.2-5.2 223.00 OK
r-oldrel-windows-ix86+x86_64 0.2-5.2 92.00 535.00 627.00 OK

Check Details

Version: 0.2-5.2
Check: installed package size
Result: NOTE
     installed size is 5.1Mb
     sub-directories of 1Mb or more:
     data 4.1Mb
Flavors: r-release-macos-arm64, r-oldrel-macos-arm64