CRAN Package Check Results for Package ratPASTA

Last updated on 2020-11-27 02:47:14 CET.

Flavor Version Tinstall Tcheck Ttotal Status Flags
r-devel-linux-x86_64-debian-clang 0.1.2 10.14 129.19 139.33 OK
r-devel-linux-x86_64-debian-gcc 0.1.2 8.80 97.04 105.84 OK
r-devel-linux-x86_64-fedora-clang 0.1.2 165.48 NOTE
r-devel-linux-x86_64-fedora-gcc 0.1.2 153.79 NOTE
r-devel-windows-ix86+x86_64 0.1.2 21.00 110.00 131.00 OK
r-patched-linux-x86_64 0.1.2 10.29 121.74 132.03 OK
r-patched-solaris-x86 0.1.2 258.80 NOTE
r-release-linux-x86_64 0.1.2 9.10 123.83 132.93 OK
r-release-macos-x86_64 0.1.2 NOTE
r-release-windows-ix86+x86_64 0.1.2 25.00 134.00 159.00 OK
r-oldrel-macos-x86_64 0.1.2 NOTE
r-oldrel-windows-ix86+x86_64 0.1.2 14.00 153.00 167.00 OK

Check Details

Version: 0.1.2
Check: dependencies in R code
Result: NOTE
    Namespace in Imports field not imported from: ‘hms’
     All declared Imports should be used.
Flavors: r-devel-linux-x86_64-fedora-clang, r-devel-linux-x86_64-fedora-gcc, r-patched-solaris-x86, r-release-macos-x86_64, r-oldrel-macos-x86_64