CRAN Package Check Results for Package ravelRy

Last updated on 2020-11-25 02:49:13 CET.

Flavor Version Tinstall Tcheck Ttotal Status Flags
r-devel-linux-x86_64-debian-clang 0.1.0 4.51 35.74 40.25 OK
r-devel-linux-x86_64-debian-gcc 0.1.0 3.73 26.44 30.17 OK
r-devel-linux-x86_64-fedora-clang 0.1.0 51.58 NOTE
r-devel-linux-x86_64-fedora-gcc 0.1.0 41.83 NOTE
r-devel-windows-ix86+x86_64 0.1.0 9.00 51.00 60.00 OK
r-patched-linux-x86_64 0.1.0 4.04 32.63 36.67 OK
r-patched-solaris-x86 0.1.0 65.00 NOTE
r-release-linux-x86_64 0.1.0 4.00 34.47 38.47 OK
r-release-macos-x86_64 0.1.0 NOTE
r-release-windows-ix86+x86_64 0.1.0 10.00 39.00 49.00 OK
r-oldrel-macos-x86_64 0.1.0 NOTE
r-oldrel-windows-ix86+x86_64 0.1.0 5.00 46.00 51.00 OK

Check Details

Version: 0.1.0
Check: dependencies in R code
Result: NOTE
    Namespace in Imports field not imported from: ‘tidyr’
     All declared Imports should be used.
Flavors: r-devel-linux-x86_64-fedora-clang, r-devel-linux-x86_64-fedora-gcc, r-patched-solaris-x86, r-release-macos-x86_64, r-oldrel-macos-x86_64