CRAN Package Check Results for Package rcrimeanalysis

Last updated on 2021-01-28 02:48:00 CET.

Flavor Version Tinstall Tcheck Ttotal Status Flags
r-devel-linux-x86_64-debian-clang 0.4.2 16.79 174.77 191.56 OK
r-devel-linux-x86_64-debian-gcc 0.4.2 OK
r-devel-linux-x86_64-fedora-clang 0.4.2 226.23 NOTE
r-devel-linux-x86_64-fedora-gcc 0.4.2 216.07 NOTE
r-devel-windows-ix86+x86_64 0.4.2 39.00 169.00 208.00 OK
r-patched-linux-x86_64 0.4.2 15.49 162.53 178.02 OK
r-patched-solaris-x86 0.4.2 313.60 NOTE
r-release-linux-x86_64 0.4.2 15.02 162.87 177.89 OK
r-release-macos-x86_64 0.4.2 NOTE
r-release-windows-ix86+x86_64 0.4.2 39.00 153.00 192.00 OK
r-oldrel-macos-x86_64 0.4.2 NOTE
r-oldrel-windows-ix86+x86_64 0.4.2 34.00 351.00 385.00 OK

Check Details

Version: 0.4.2
Check: dependencies in R code
Result: NOTE
    Namespaces in Imports field not imported from:
     ‘Rcpp’ ‘dplyr’
     All declared Imports should be used.
Flavors: r-devel-linux-x86_64-fedora-clang, r-devel-linux-x86_64-fedora-gcc, r-patched-solaris-x86, r-release-macos-x86_64, r-oldrel-macos-x86_64