CRAN Package Check Results for Package rcrtan

Last updated on 2020-11-29 02:46:45 CET.

Flavor Version Tinstall Tcheck Ttotal Status Flags
r-devel-linux-x86_64-debian-clang 0.1.1 6.40 45.97 52.37 ERROR
r-devel-linux-x86_64-debian-gcc 0.1.1 4.38 36.70 41.08 ERROR
r-devel-linux-x86_64-fedora-clang 0.1.1 66.83 ERROR
r-devel-linux-x86_64-fedora-gcc 0.1.1 57.92 ERROR
r-devel-windows-ix86+x86_64 0.1.1 12.00 48.00 60.00 ERROR
r-patched-linux-x86_64 0.1.1 5.04 44.91 49.95 ERROR
r-patched-solaris-x86 0.1.1 78.50 ERROR
r-release-linux-x86_64 0.1.1 5.90 47.19 53.09 ERROR
r-release-macos-x86_64 0.1.1 OK
r-release-windows-ix86+x86_64 0.1.1 10.00 49.00 59.00 ERROR
r-oldrel-macos-x86_64 0.1.1 OK
r-oldrel-windows-ix86+x86_64 0.1.1 10.00 64.00 74.00 ERROR

Check Details

Version: 0.1.1
Check: examples
Result: ERROR
    Running examples in 'rcrtan-Ex.R' failed
    The error most likely occurred in:
    
    > base::assign(".ptime", proc.time(), pos = "CheckExEnv")
    > ### Name: crt_iteman
    > ### Title: Calculate criterion-referenced item discrimination indices
    > ### Aliases: crt_iteman
    >
    > ### ** Examples
    >
    > crt_iteman(bh_depend, 2:31, 21, scale = 'raw')
    Error in data %>% { : no function to return from, jumping to top level
    Calls: crt_iteman -> %>%
    Execution halted
Flavors: r-devel-linux-x86_64-debian-clang, r-devel-linux-x86_64-debian-gcc, r-patched-linux-x86_64, r-release-linux-x86_64

Version: 0.1.1
Check: examples
Result: ERROR
    Running examples in ‘rcrtan-Ex.R’ failed
    The error most likely occurred in:
    
    > ### Name: crt_iteman
    > ### Title: Calculate criterion-referenced item discrimination indices
    > ### Aliases: crt_iteman
    >
    > ### ** Examples
    >
    > crt_iteman(bh_depend, 2:31, 21, scale = 'raw')
    Error in data %>% { : no function to return from, jumping to top level
    Calls: crt_iteman -> %>%
    Execution halted
Flavors: r-devel-linux-x86_64-fedora-clang, r-devel-linux-x86_64-fedora-gcc, r-devel-windows-ix86+x86_64, r-patched-solaris-x86, r-release-windows-ix86+x86_64, r-oldrel-windows-ix86+x86_64