CRAN Package Check Results for Package rdomains

Last updated on 2021-03-05 02:49:19 CET.

Flavor Version Tinstall Tcheck Ttotal Status Flags
r-devel-linux-x86_64-debian-clang 0.1.9 13.15 165.88 179.03 OK
r-devel-linux-x86_64-debian-gcc 0.1.9 10.60 123.69 134.29 OK
r-devel-linux-x86_64-fedora-clang 0.1.9 221.26 NOTE
r-devel-linux-x86_64-fedora-gcc 0.1.9 216.14 NOTE
r-devel-windows-ix86+x86_64 0.1.9 38.00 184.00 222.00 OK
r-patched-linux-x86_64 0.1.9 OK
r-patched-solaris-x86 0.1.9 313.30 NOTE
r-release-linux-x86_64 0.1.9 12.37 150.12 162.49 OK
r-release-macos-x86_64 0.1.9 NOTE
r-release-windows-ix86+x86_64 0.1.9 29.00 189.00 218.00 OK
r-oldrel-macos-x86_64 0.1.9 NOTE
r-oldrel-windows-ix86+x86_64 0.1.9 32.00 279.00 311.00 OK

Check Details

Version: 0.1.9
Check: dependencies in R code
Result: NOTE
    Namespace in Imports field not imported from: ‘rlang’
     All declared Imports should be used.
Flavors: r-devel-linux-x86_64-fedora-clang, r-devel-linux-x86_64-fedora-gcc, r-patched-solaris-x86, r-release-macos-x86_64, r-oldrel-macos-x86_64