CRAN Package Check Results for Package rdwd

Last updated on 2022-10-05 05:57:12 CEST.

Flavor Version Tinstall Tcheck Ttotal Status Flags
r-devel-linux-x86_64-debian-clang 1.6.0 12.82 113.15 125.97 OK
r-devel-linux-x86_64-debian-gcc 1.6.0 12.43 89.61 102.04 OK
r-devel-linux-x86_64-fedora-clang 1.6.0 174.11 NOTE
r-devel-linux-x86_64-fedora-gcc 1.6.0 173.94 OK
r-devel-windows-x86_64 1.6.0 30.00 155.00 185.00 NOTE
r-patched-linux-x86_64 1.6.0 14.01 107.85 121.86 OK
r-release-linux-x86_64 1.6.0 11.85 108.97 120.82 OK
r-release-macos-arm64 1.6.0 56.00 NOTE
r-release-macos-x86_64 1.6.0 77.00 NOTE
r-release-windows-x86_64 1.6.0 26.00 144.00 170.00 NOTE
r-oldrel-macos-arm64 1.6.0 55.00 NOTE
r-oldrel-macos-x86_64 1.6.0 79.00 NOTE
r-oldrel-windows-ix86+x86_64 1.6.0 28.00 143.00 171.00 NOTE

Check Details

Version: 1.6.0
Check: installed package size
Result: NOTE
     installed size is 5.5Mb
     sub-directories of 1Mb or more:
     R 3.5Mb
     data 1.4Mb
Flavors: r-devel-linux-x86_64-fedora-clang, r-devel-windows-x86_64, r-release-macos-arm64, r-release-macos-x86_64, r-release-windows-x86_64, r-oldrel-macos-arm64, r-oldrel-macos-x86_64, r-oldrel-windows-ix86+x86_64