CRAN Package Check Results for Package reclin

Last updated on 2022-10-04 02:54:50 CEST.

Flavor Version Tinstall Tcheck Ttotal Status Flags
r-devel-linux-x86_64-debian-clang 0.1.2 27.41 79.92 107.33 OK
r-devel-linux-x86_64-debian-gcc 0.1.2 20.92 57.16 78.08 OK
r-devel-linux-x86_64-fedora-clang 0.1.2 13.59 ERROR
r-devel-linux-x86_64-fedora-gcc 0.1.2 132.53 OK
r-devel-windows-x86_64 0.1.2 40.00 128.00 168.00 OK
r-patched-linux-x86_64 0.1.2 26.82 70.69 97.51 OK
r-release-linux-x86_64 0.1.2 26.35 71.81 98.16 OK
r-release-macos-arm64 0.1.2 41.00 OK
r-release-macos-x86_64 0.1.2 70.00 OK
r-release-windows-x86_64 0.1.2 72.00 130.00 202.00 OK
r-oldrel-macos-arm64 0.1.2 56.00 OK
r-oldrel-macos-x86_64 0.1.2 54.00 OK
r-oldrel-windows-ix86+x86_64 0.1.2 71.00 139.00 210.00 OK

Check Details

Version: 0.1.2
Check: package dependencies
Result: ERROR
    Packages required but not available: 'lvec', 'ldat'
    
    See section ‘The DESCRIPTION file’ in the ‘Writing R Extensions’
    manual.
Flavor: r-devel-linux-x86_64-fedora-clang