CRAN Package Check Results for Package recoder

Last updated on 2020-11-27 02:47:15 CET.

Flavor Version Tinstall Tcheck Ttotal Status Flags
r-devel-linux-x86_64-debian-clang 0.1 2.63 25.52 28.15 OK
r-devel-linux-x86_64-debian-gcc 0.1 2.01 17.47 19.48 OK
r-devel-linux-x86_64-fedora-clang 0.1 35.34 NOTE
r-devel-linux-x86_64-fedora-gcc 0.1 25.45 OK
r-devel-windows-ix86+x86_64 0.1 4.00 37.00 41.00 OK
r-patched-linux-x86_64 0.1 2.55 25.84 28.39 OK
r-patched-solaris-x86 0.1 43.00 OK
r-release-linux-x86_64 0.1 2.64 25.77 28.41 OK
r-release-macos-x86_64 0.1 OK
r-release-windows-ix86+x86_64 0.1 4.00 35.00 39.00 OK
r-oldrel-macos-x86_64 0.1 OK
r-oldrel-windows-ix86+x86_64 0.1 4.00 31.00 35.00 OK

Check Details

Version: 0.1
Check: Rd cross-references
Result: NOTE
    Undeclared package ‘car’ in Rd xrefs
Flavor: r-devel-linux-x86_64-fedora-clang