CRAN Package Check Results for Package recolorize

Last updated on 2022-11-30 01:54:23 CET.

Flavor Version Tinstall Tcheck Ttotal Status Flags
r-devel-linux-x86_64-debian-clang 0.1.0 5.47 193.79 199.26 OK
r-devel-linux-x86_64-debian-gcc 0.1.0 3.56 138.63 142.19 OK
r-devel-linux-x86_64-fedora-clang 0.1.0 253.42 NOTE
r-devel-linux-x86_64-fedora-gcc 0.1.0 265.68 OK
r-devel-windows-x86_64 0.1.0 71.00 222.00 293.00 OK
r-patched-linux-x86_64 0.1.0 5.88 189.84 195.72 OK
r-release-linux-x86_64 0.1.0 4.77 177.03 181.80 OK
r-release-macos-arm64 0.1.0 94.00 OK
r-release-macos-x86_64 0.1.0 142.00 OK
r-release-windows-x86_64 0.1.0 81.00 228.00 309.00 OK
r-oldrel-macos-arm64 0.1.0 76.00 OK
r-oldrel-macos-x86_64 0.1.0 120.00 OK
r-oldrel-windows-ix86+x86_64 0.1.0 11.00 225.00 236.00 OK

Check Details

Version: 0.1.0
Check: Rd cross-references
Result: NOTE
    Undeclared package ‘jpeg’ in Rd xrefs
Flavor: r-devel-linux-x86_64-fedora-clang